units digit of q?
6
Let n(b) = -b - 11. Let u be n(-10). Let y be ((-42)/3)/(u/(-14)*-4). Let c = y - 39. What is the tens digit of c?
1
Suppose 1074 - 8704 = y - 8*y. What is the units digit of y?
0
Let l(b) = 2*b**3 + b**2 + 3*b - 3. Let t be l(2). Let r = 6 + t. Suppose -3*d + 4*d - r = 0. What is the units digit of d?
9
Let m be (1/1 - -1) + 10. Suppose 7*y - 195 = m*y. Let c = 9 - y. What is the tens digit of c?
4
Suppose 108*y + 2504632 - 7210652 = 4012388. What is the hundreds digit of y?
7
Suppose -21*m = -5*c - 486044, -85*m - c + 115716 = -80*m. What is the units digit of m?
4
Let p(a) = -a - 16. Let l be p(-5). Let w(r) = 6*r**2 + 5*r - 46. Let c be w(l). Suppose -39*k + 44*k = c. What is the tens digit of k?
2
Let d = -23 - -21. Let m(g) = -694*g - 81. What is the tens digit of m(d)?
0
Let v(p) = 2*p**3 - 9*p**2 - 125*p - 33. What is the hundreds digit of v(17)?
0
Let b(x) = -6*x**3 + 3*x**2 + x - 2. Let f = 67 + -61. Suppose f = -4*k - 2. What is the units digit of b(k)?
6
Let l = -1795 - -3074. Let q = -467 + l. What is the units digit of q?
2
Let p = -5 - 3. Let d be p/(-7)*21/6. Suppose 2*r + d*r = 162. What is the units digit of r?
7
Let c(x) = -x**3 + x**2 + 11*x - 70. Let f be c(-13). Let i = -214 + f. What is the thousands digit of i?
1
Let s = -24893 + 41001. What is the units digit of s?
8
Let b(d) = -d**3 + 7*d**2 + 21*d - 45. Let p be b(8). Let n = 283 + p. What is the units digit of n?
2
Let x = 220 + 18. Suppose 0*b + v = -b + x, -3*b = -v - 710. Let l = b + -151. What is the tens digit of l?
8
Let m(r) = -101*r**3 + 3*r**2 + r - 1. Let g be m(-2). Suppose 53 = 5*a - g. What is the hundreds digit of a?
1
What is the thousands digit of ((-11531)/(-91))/((-5)/(-140))?
3
Let c be ((-7)/(-2))/(20/(-3920)). Let q = -74 - c. What is the hundreds digit of q?
6
Let j(g) = 3366*g - 20. What is the hundreds digit of j(5)?
8
Let a(f) = -f**2 - 3. Let n(d) = -125*d**2 + 7*d + 3. Let o(j) = 2*a(j) - n(j). What is the units digit of o(-3)?
9
Let s(g) = g - 1. Let a(f) = 278*f - 20. Let o(y) = a(y) - s(y). What is the hundreds digit of o(3)?
8
Let l = -3197 - -10499. What is the thousands digit of l?
7
What is the units digit of 1 + 2/8 - 2789241/(-364)?
4
Suppose -110*n + 144*n - 128996 = 0. What is the hundreds digit of n?
7
Suppose 0 = -14*y + 64413 + 55385. What is the units digit of y?
7
Suppose -523153 = 233*n - 2034158. What is the hundreds digit of n?
4
Let y(x) be the third derivative of -20*x**2 - 4*x**3 + 1/6*x**4 + 1/120*x**6 + 0 + 0*x - 2/15*x**5. What is the hundreds digit of y(10)?
2
Suppose -5*o = -45*k + 40*k + 50265, -o = -4*k + 40194. What is the ten thousands digit of k?
1
Let f(y) = 56*y**3 - 4*y**2 + 7*y + 269. What is the hundreds digit of f(11)?
3
Let n(f) = -5*f**2 - 14*f + 1. Let g(j) = -2*j**2 - 7*j. Let x(r) = -7*g(r) + 3*n(r). Let c = -61 - -68. What is the units digit of x(c)?
3
Let r be 0 - ((5 - 7) + (-6)/(-1)). Let g(y) = -2*y**3 - 7*y**2 - 4. Let v be g(r). Suppose 0 = 8*f + v*f - 280. What is the tens digit of f?
1
Let s = 24726 - 11390. What is the ten thousands digit of s?
1
Suppose -15 = 3*t + 2*t, 3*t = -3*k + 681. Let c = k + -123. What is the units digit of c?
7
Let v(j) = 76*j + 91. Let u(h) = -25*h - 30. Let x(b) = -7*u(b) - 2*v(b). Let r be x(-6). Let o = -6 - r. What is the hundreds digit of o?
1
Suppose 5*o + 21*a - 23*a = -1944, 0 = 4*o - 5*a + 1545. What is the units digit of 6/(-24) + o/(-24)?
6
Suppose 131*y - 104 = 123*y. Suppose -y*c + 5185 = -4240. What is the units digit of c?
5
Let n = 154238 + -94437. What is the hundreds digit of n?
8
Let h be (0 - -2)/((-10)/(-20)). Suppose 2*s + 560 = h*t, 0 = 4*t - 0*t - 4*s - 560. Suppose 2*a + t = 12*a. What is the units digit of a?
4
Let x(y) = 2*y**3. Let t(a) = 11*a**3 + 20*a**2 + 21*a + 65. Let l(b) = t(b) - 5*x(b). What is the hundreds digit of l(-11)?
9
Let p = 126 - 122. What is the units digit of p*1*(-2980)/(-40)?
8
Let j(l) = l + 1. Let n(f) = -3*f - 4. Let h(o) = 4*j(o) + n(o). Let y(b) = -12*b**2 + 16*b. Let q(r) = 12*h(r) - y(r). What is the units digit of q(-2)?
6
Let s be (-1 - 2)*(-190)/3. Let u = s + -184. What is the units digit of u?
6
Let f = 1038 - -1597. What is the thousands digit of f?
2
Suppose 4*n = 7*n - 42. Let z(r) = 42*r + 209. Let u be z(-5). Let s = u + n. What is the units digit of s?
3
Let d be (-12)/(-2) - (4 + -6). What is the units digit of 4*((-5868)/d)/(-9)?
6
Suppose -40*z + 54*z = -3108. Let m = 281 + z. What is the units digit of m?
9
Let j(p) = p**2 - 24*p + 41. Let z be j(23). Let l = z - -53. What is the tens digit of l?
7
Suppose -9*a = -8*a - 3*m - 146, -5*m = 4*a - 635. Suppose 138*k + 7548 = a*k. What is the hundreds digit of k?
4
Let n = 2282 + 1974. What is the units digit of n?
6
What is the thousands digit of (586/1*91/26)/(1 - 0)?
2
Let p(y) = y**3 - 20*y**2 + 82*y + 122. What is the tens digit of p(26)?
1
Let t(s) = -s + 18. Let v be t(11). Suppose -v*u + 5*u = 170. Let d = 108 + u. What is the tens digit of d?
2
Suppose 31*g - 590650 - 239747 = -31620. What is the units digit of g?
7
Suppose 13 = -2*h + 3*d + 195, -d = -4*h + 384. Let p(s) = -s**3 + 8*s**2 - 23. Let o be p(7). Suppose 27*z = o*z + h. What is the units digit of z?
7
Let t(i) = 1042*i - 8. Let x be t(2). Suppose -b = -4*b + x. Suppose -4*l + b = a, 4*l - 3*a = -2*a + 684. What is the tens digit of l?
7
What is the thousands digit of 50/(-375) + (-112)/(-390) - (-846036)/26?
2
Let b be -127 - (9 + -1 + -5). Let s(r) = -r**2 - 7*r + 10. Let o be s(3). What is the tens digit of (o/(-8))/((-5)/b)?
6
What is the tens digit of (-42442)/(-2) - (-152 + 163)?
1
Let s(l) = -10*l + 27. Let g(m) be the second derivative of m**3/3 - 33*m**2/2 + 19*m. Let y be g(14). What is the tens digit of s(y)?
7
Let o(h) = -4*h**3 + 9*h**2 + 3*h + 52. What is the tens digit of o(-8)?
5
Suppose 34*m = 29*m + 55. Let a(i) = -i**2 - 12. Let j be a(0). What is the tens digit of m + j - -9*5*2?
8
Let b(f) = f**2 + 3*f - 7. Suppose -m + 35 = -0*m + 3*t, 5*m - 175 = -2*t. Suppose -2*s + m = -9*s. What is the units digit of b(s)?
3
What is the thousands digit of 83278/6 + (-120)/(-90)?
3
Suppose n - 15 + 54 = -2*f, 2*n + f + 63 = 0. Let y = n + 30. What is the tens digit of -130*(y - -1)/(-4)?
6
Suppose -2 = t + b, 2*b - 3 = -t - 10. Suppose -2*q - m + 9 = 0, t*q + 2*m - 12 = 2*q. Let x(z) = 13*z + 3. What is the units digit of x(q)?
9
Suppose 109 = -x - 3*u, 5*x + 8*u - 11*u = -545. Let c = x - -253. What is the hundreds digit of c?
1
Let k = -6822 - -13531. What is the tens digit of k?
0
Suppose -4*j + 28 = 8. Let g be ((-16)/j - -2)/(2/(-5)). Suppose -g*t + 13*t - 870 = 0. What is the units digit of t?
7
Let f be ((-8)/(-3))/((-26)/(-39)). Suppose -7904 = -12*a - f*a. Let z = -252 + a. What is the tens digit of z?
4
Suppose -7*x + 8*x = 4*v - 11273, v - 2820 = 2*x. What is the thousands digit of v?
2
Let l(o) = 7*o + 84 - 26*o - 100 - 10*o. Suppose -2*s - 3*j + 2*j = 7, 5*s + 15 = -3*j. What is the hundreds digit of l(s)?
1
Suppose u + 115 = 5*d - u, 5*d - u = 115. Let p(s) = 2*s - 46. Let j be p(d). Suppose 5*f = 4*h - 0*h - 298, 5*h - f - 362 = j. What is the units digit of h?
2
Suppose 4*w - h - 9472 = 0, 5*w - 21*h = -14*h + 11817. What is the units digit of w?
9
Suppose -729 = -38*o + 41*o. Let s = 389 + o. What is the hundreds digit of s?
1
Suppose 0 = 50*n - 46409 - 146591. What is the units digit of n?
0
Let a = 7903 - 5735. What is the units digit of a?
8
Let a = 92 - 81. Let t(j) = 10*j + 3. Let m be t(a). Let w = 197 - m. What is the units digit of w?
4
Let r(o) = -o**3 - 7*o**2 - 4*o + 18. Let m be r(-6). Suppose -721 = -m*n + 5471. Suppose 36*v = 32*v + n. What is the units digit of v?
8
Suppose 7 = 4*u - 5. Suppose -6*t = -5*t - 2*n + 68, 219 = -u*t + n. Let k = t + 114. What is the tens digit of k?
4
Let g(s) = s**2 + 3*s - 13. Let k be g(-10). Let t be (-4)/(-40) + (-31)/10. Let a = t + k. What is the tens digit of a?
5
Suppose 13*t - 2764 = 9*t. Suppose -2*p - 3 = -t. What is the units digit of p?
4
Let m be 8 + 16/(-8)*1/(-2). Suppose 3*t = 3*v + 231, -t = 5*v - m*v - 74. What is the tens digit of t?
7
Let z = 32 + -30. Suppose -3*v + 829 = z*t, 294 = t + 3*v - 119. What is the tens digit of t?
1
Suppose 18654 - 235488 = -5*x 